 - 103. What is r(-4)?
-7
Let z(h) = -25282*h**2 + 202279*h - 176. Determine z(8).
8
Let p(i) = 14957*i - 837368. Give p(56).
224
Let y(q) = q**3 + 5*q**2 + 5*q + 86. Give y(-8).
-146
Let g(t) = -36609*t - 2013493. Calculate g(-55).
2
Let a(r) = -3*r**2 - 249*r + 6451. What is a(-104)?
-101
Let u(y) = -6*y**3 - 53*y**2 - 7*y + 64. Determine u(-10).
834
Let z(u) = -46731*u + 140180. Calculate z(3).
-13
Let v(l) = -2060*l + 24998. What is v(12)?
278
Let o(l) = -44024*l + 660391. What is o(15)?
31
Let y(w) = 5129*w - 56379. Determine y(11).
40
Let u(n) = 76536*n - 229607. What is u(3)?
1
Let q(r) = 1855*r + 64772. What is q(-35)?
-153
Let a(h) = -96447*h - 2314673. Calculate a(-24).
55
Let o(q) = -2605*q + 315193. What is o(121)?
-12
Let f(x) = -521*x + 24822. Calculate f(44).
1898
Let v(c) = 225095*c - 5852474. Determine v(26).
-4
Let f(a) = -8929*a + 35677. What is f(4)?
-39
Let n(u) = -25*u - 1874. What is n(-54)?
-524
Let n(w) = -3*w**2 + 364*w + 37630. Calculate n(187).
791
Let p(w) = 64*w**2 + 1588*w + 6154. Determine p(-20).
-6
Let j(u) = -2*u**3 + 580*u**2 + 4106*u + 94. Calculate j(-7).
458
Let t(d) = 1534*d + 331450. Give t(-216).
106
Let s(o) = -405*o - 27958. Determine s(-69).
-13
Let w(s) = -8*s**3 + 3917*s**2 + 1164*s + 149940. Determine w(490).
0
Let y(m) = 704*m + 1755. Calculate y(-2).
347
Let u(w) = -3*w**2 - 1715*w + 186193. What is u(-665)?
-7
Let l(o) = 19*o**2 + 2109*o + 11967. What is l(-105)?
-3
Let m(z) = z**2 - 135*z + 2425. What is m(20)?
125
Let l(s) = 597*s + 5995. Determine l(-13).
-1766
Let d(r) = -5*r**3 + 127*r**2 - 800*r + 18. Calculate d(14).
-10
Let q(h) = -121*h**2 - 918*h - 67. Give q(-8).
-467
Let c(p) = 470637*p - 5647635. Give c(12).
9
Let t(q) = 3*q**2 + 617*q + 8572. Calculate t(-14).
522
Let r(c) = c**3 - 12*c**2 - 209*c - 91. Determine r(23).
921
Let n(g) = 2215*g - 13798. What is n(6)?
-508
Let t(z) = 1649*z + 16436. Determine t(-10).
-54
Let k(f) = f**3 - 52*f**2 - 19*f - 4234. Calculate k(54).
572
Let k(n) = 11*n**3 - 40*n**2 + 6*n + 7. What is k(0)?
7
Let b(y) = -y**2 + 617*y + 67355. Give b(-95).
-285
Let c(n) = -4*n**3 + 260*n**2 + 18632*n + 2422. Determine c(-43).
14
Let j(z) = -z**3 - 37*z**2 + 101*z + 2390. Give j(-38).
-4
Let h(d) = 2*d**3 + 106*d**2 + 180*d - 1203. Give h(-51).
21
Let n(m) = -3*m**3 - 66*m**2 + 444*m - 181. What is n(5)?
14
Let l(j) = -j**3 + 652*j**2 + 2565*j + 38689. Calculate l(656).
-15
Let w(r) = 2*r**3 - 355*r**2 + 171*r + 1986. Determine w(177).
924
Let z(f) = -5930*f - 4554236. Give z(-768).
4
Let l(x) = 12*x**2 - 1785*x + 1031. Give l(150).
3281
Let a(p) = -246*p + 6111. What is a(23)?
453
Let p(u) = u**3 - 45*u**2 + 708*u - 4328. Determine p(20).
-168
Let o(w) = -8*w**2 - 21545*w - 107521. Determine o(-5).
4
Let x(j) = -2670*j + 178910. Calculate x(67).
20
Let d(q) = 15690*q - 32980. What is d(2)?
-1600
Let d(y) = -13955*y - 2749178. What is d(-197)?
-43
Let i(w) = 23798*w + 23780. Determine i(-1).
-18
Let p(f) = -433*f + 964. Determine p(3).
-335
Let a(s) = 299*s**2 + 116*s - 13. What is a(-3)?
2330
Let s(x) = 13182*x - 107920. Give s(8).
-2464
Let a(w) = w**3 - 36*w**2 - 147*w + 527. Calculate a(36).
-4765
Let j(q) = 778*q**2 - 10883*q - 127. Calculate j(14).
-1
Let n(w) = -5*w**2 + 26558*w - 53099. Calculate n(2).
-3
Let j(o) = -3*o**3 + 20*o**2 + 4843*o - 33857. Give j(7).
-5
Let g(a) = a**3 + 6*a**2 + 122*a + 484. Determine g(-4).
28
Let q(t) = 4043*t + 113201. Give q(-28).
-3
Let s(h) = -162*h - 1404. Calculate s(-4).
-756
Let f(r) = r**3 - 99*r**2 - 336*r + 32578. Give f(99).
-686
Let l(i) = 551*i + 56831. What is l(-101)?
1180
Let p(m) = -1075*m + 3161. Give p(3).
-64
Let s(d) = 8530*d + 178032. Give s(-21).
-1098
Let m(k) = 769*k + 5614. What is m(-4)?
2538
Let r(p) = 8*p**2 + 149*p + 397. Determine r(-3).
22
Let p(d) = -2*d**2 + 245*d - 1858. Determine p(115).
-133
Let z(u) = -3361*u + 121043. What is z(36)?
47
Let y(q) = -554*q + 21355. Determine y(38).
303
Let z(f) = 8809*f + 149751. Determine z(-17).
-2
Let q(g) = 6*g**2 - 350*g - 2363. Give q(62).
-999
Let n(c) = -11*c - 236. What is n(-158)?
1502
Let n(f) = 10*f**2 - 10003*f + 108820. Determine n(11).
-3
Let x(r) = -2*r**3 + 3562*r**2 + 50253*r - 98. Give x(-14).
0
Let s(j) = -2580*j - 28198. Calculate s(-11).
182
Let m(y) = 49*y**3 - 291*y**2 + 3*y - 85. What is m(6)?
41
Let t(y) = 262*y**2 + 21233*y + 882. Calculate t(-81).
-9
Let f(t) = t**3 + 391*t**2 + 4443*t + 1272242. Determine f(-388).
-10
Let k(b) = 3018*b - 28406. Determine k(10).
1774
Let t(l) = -l**2 - 307*l - 3358. Calculate t(-12).
182
Let w(h) = h**2 + 106*h - 258306. Determine w(-564).
6
Let x(l) = -2*l**3 - 84*l**2 - 50*l - 221. Give x(-41).
-1533
Let u(p) = -8*p**2 - 1191*p - 223. What is u(-148)?
813
Let l(p) = 2988*p + 2949132. Determine l(-987).
-24
Let w(n) = -29*n**2 + 534*n - 11. Determine w(18).
205
Let j(i) = 2322*i + 331965. Calculate j(-143).
-81
Let t(k) = 3*k**3 - 32*k**2 - 28*k - 417. Determine t(15).
2088
Let k(c) = -4*c**2 + 198*c + 18. Give k(53).
-724
Let l(c) = -c**3 + 8*c**2 - 24*c + 26. What is l(4)?
-6
Let s(r) = -12603*r + 289912. Calculate s(23).
43
Let o(k) = 2*k**3 + 49*k**2 - 1285*k + 1104. Calculate o(15).
-396
Let w(i) = -14432*i + 548412. What is w(38)?
-4
Let t(j) = 134*j - 11914. What is t(101)?
1620
Let y(a) = -2*a**3 + 47*a**2 + 21*a - 108. What is y(23)?
904
Let b(x) = -x**2 - 227*x - 12645. What is b(-103)?
127
Let f(b) = -991*b + 77301. Calculate f(78).
3
Let c(y) = -2391*y + 846415. Give c(354).
1
Let a(w) = -1398653*w - 25175756. Determine a(-18).
-2
Let c(v) = 1814*v - 259420. Calculate c(143).
-18
Let d(m) = -m**3 + 333*m**2 + 471*m - 156833. Determine d(333).
10
Let y(x) = 574*x - 10834. Determine y(22).
1794
Let w(a) = 2*a**3 - a**2 - 1131*a + 2254. Determine w(2).
4
Let u(a) = 1046743*a - 32449036. Determine u(31).
-3
Let c(u) = -5*u**2 + 1018*u - 13198. What is c(14)?
74
Let j(q) = -q**2 + 90*q + 7444. Give j(-48).
820
Let s(u) = 5*u**3 - 450*u**2 - 29*u + 2617. Determine s(90).
7
Let q(n) = -30*n**2 - 26958*n - 16152. Calculate q(-898).
12
Let p(c) = -2*c**3 + 40*c**2 - 92*c + 4. Determine p(15).
874
Let k(f) = -4*f**2 - 599*f + 3029. Give k(5).
-66
Let q(m) = m**3 - 26*m**2 - 86*m - 585. What is q(29)?
-556
Let i(j) = 3267*j + 26300. Give i(-8).
164
Let n(z) = -18*z**2 - 303*z - 46. Calculate n(-14).
668
Let o(t) = -143*t**3 - 4149*t**2 - 9*t + 1495. Determine o(-29).
74
Let s(q) = -11533*q - 11591. What is s(-1)?
-58
Let l(o) = o**3 + 304*o**2 + 9072*o + 34947. Give l(-271).
-12
Let a(s) = 175698*s - 11068994. Give a(63).
-20
Let r(l) = -11928*l - 83134. What is r(-7)?
362
Let u(n) = 34*n**2 - 94*n - 133. Give u(-6).
1655
Let l(b) = -5*b**3 + 70*b**2 + 54*b - 755. Give l(14).
1
Let w(i) = 16*i**3 - 124*i**2 + 75. What is w(8)?
331
Let w(n) = 24*n**2 - 2070*n + 508. What is w(86)?
-8
Let j(q) = q**3 + 138*q**2 + 4317*q - 455. What is j(-48)?
-311
Let m(b) = b**3 + 421*b**2 - 58277*b + 70617. Calculate m(-531).
-6
Let l(p) = 11127*p + 767724. Give l(-69).
-39
Let c(y) = -316*y + 3232. Give c(17).
-2140
Let n(h) = -h**3 + 925*h**2 - 187825*h + 312. Determine n(301).
11
Let i(p) = p**3 + 71*p**2 - 1115*p - 14. Determine i(15).
2611
Let d(b) = -146230*b - 731150. Give d(-5).
0
Let y(h) = -3*h**3 - 10*h**2 - 59*h - 142. Calculate y(-6).
500
Let i(y) = 6*y**3 + 127*y**2 + 97*y + 1055. Determine i(-21).
-541
Let x(j) = -j**2 - 43*j + 20. Give x(-23).
480
Let j(x) = -464*x - 130096. Determine j(-283).
1216
Let y(o) = 104*o**2 + 18720*o + 32. Calculate y(-180).
32
Let y(v) = -v**2 - 75*v + 459. What is y(8)?
-205
Let i(o) = -o**2 - 73*o + 24949. Give i(-199).
-125
Let z(k) = 3*k**3 + 3218*k**2 + 1813*k - 354837. Give z(-1072).
-5
Let j(n) = -n**3 - 24*n**2 - 131*n + 202. Determine j(-10).
112
Let m(u) = -6*u**3 - u**2 + 641*u + 1940. Give m(-3).
170
Let n(f) = -20*f**3 - 567*f**2 + 382*f + 128. What is n(-29)?
-17
Let d(w) = w**3 + 35*w**2 + 219*w - 1103. Determine d(-24).
-23
Let v(t) = 196*t + 17451. Calculate v(-75).
2751
Let i(w) = w**3 - 12*w**2 - 883*w + 11436. What is i(13)?
126
Let o(p) = -23046*p**2 + 1175343*p + 162. What is o(51)?
9
Let l(v) = 2*v**3 - 135*v**2 - 1184*v + 75868. Calculate l(68).
-20
Let r(b) = -64*b**2 + 32982*b + 21711. Give r(516).
39
Let t(f) = -2*f**2 + f + 78